on divisor of 540 and b?
5
Suppose 2*q = k + 4, 3*q = -5*k + k + 6. Suppose g - 41 = -k*w - 2*w, 64 = 3*w + 2*g. What is the highest common factor of 36 and w?
18
Suppose 129 = 5*k - 3*w, 2*k - 42 = -4*w + 2*w. What is the highest common factor of k and 30?
6
Let d(l) = l**2 + 16*l - 30. Let y be d(-18). Suppose -y*i = -4*i - 352. Calculate the greatest common divisor of 16 and i.
16
Suppose -5 = -2*a + 2*m + 1, -3 = a - 4*m. Suppose a*h + 60 = 8*h. What is the highest common factor of h and 20?
20
Suppose 0 = -t + 5*t - 36. Let p = 247 - 229. What is the highest common divisor of t and p?
9
Let l = -343 + 392. What is the highest common divisor of 1421 and l?
49
Let b(s) = 31*s**2 - 2*s - 42 + 42. Let r be b(2). Let c(n) = 2*n + 4. Let z be c(10). What is the greatest common factor of z and r?
24
Suppose -105 = -5*t - 3*i, -3*t + 5*i = 49 - 78. Let z = -18 + 13. Let x(r) = -31*r + 7. Let w be x(z). What is the highest common factor of t and w?
18
Let v = 138 + -61. Let d(y) = y**2 + 19*y - 13. Let c(q) = -6*q**2 + 5*q - 6. Let n be c(2). Let z be d(n). What is the greatest common divisor of v and z?
7
Let q(b) = 11*b**2 + 8*b - 10. Suppose 7 = 2*p - 1. Let a be q(p). What is the highest common factor of a and 22?
22
Suppose -95*n + 100*n + 53 = 3*r, -2*n + 78 = 5*r. What is the greatest common factor of 344 and r?
8
Suppose -5 - 405 = -10*n. Calculate the highest common factor of n and 328.
41
Let p(d) = 2*d**3 + 15*d**2 - 12*d + 19. Let i be p(-8). What is the greatest common divisor of i and 12?
3
Let c(d) = d**2 - 2*d + 2. Let j be -3*1/(-2)*2. Let o be c(j). What is the highest common factor of 1 and o?
1
Let i = -299 - -478. Suppose -14 + i = 5*n. Calculate the greatest common divisor of n and 3.
3
Suppose -5*m + 2*u = -410, 0*m - 3*u + 145 = 2*m. Let v(g) = g**2 + 8*g - 16. Let p be v(-12). Calculate the greatest common factor of m and p.
16
Suppose 2*f + 5*l - 11 = 0, 5*l - 1 = 4. Suppose -6*b + 10 = -5*b. Let u be b + -3 + 1 + f. What is the greatest common divisor of 55 and u?
11
Suppose -44*i = -38*i - 30. Calculate the highest common divisor of 9 and i.
1
Let o = 229 + -199. What is the highest common divisor of o and 100?
10
Let u = -441 - -452. Suppose -3*i = -7 - 2. Suppose -i*a = f - u, -a = -5*f - 6*a + 55. Calculate the greatest common factor of 11 and f.
11
Let p be -4 + 3 - 4 - -1. Let a = 8 - p. What is the highest common divisor of a and 84?
12
Suppose 0 = -0*o - o - 39. Let b be o/((-3)/6 - 1). Let y = b - 20. Calculate the highest common divisor of 66 and y.
6
Let y be (225/10)/(-9) + 2/4. Let f be -1 - (y - -1)*(8 - 1). What is the greatest common divisor of 4 and f?
2
Let b be 2*1*90/4. Let j be (-118)/6 - 14/42. Let v be (j/(-25))/((-8)/(-300)). Calculate the highest common divisor of b and v.
15
Suppose 1463 = 23*q - 101. Calculate the highest common divisor of q and 16.
4
Let c = -67 + 56. Let w(z) = 4*z + 52. Let r be w(c). Calculate the highest common factor of 8 and r.
8
Suppose p - 230 = -3*h, -8*p + 4*p = -5*h + 406. What is the highest common factor of h and 91?
13
Suppose j + r = 446, 0 = j - 4*j - 5*r + 1330. What is the greatest common factor of j and 30?
30
Let k(u) = -u + 3*u + 3 - 2*u**2 + 3*u**2. Let l be k(-4). Let i = l - -31. Calculate the highest common divisor of i and 6.
6
Suppose -2*v - 4*l = 652, -1603 = 5*v - 4*l + 5*l. Suppose n - 4 = 0, -1935 = -3*s - n - 515. Let c = v + s. Calculate the highest common factor of 19 and c.
19
Let o be 305/3 + 1/3. Suppose k + 2*k - o = 0. Let c(m) = 9*m - 50. Let h be c(15). What is the highest common factor of k and h?
17
Suppose j - 4*v = 509, -15*v = j - 17*v - 503. Calculate the greatest common factor of j and 7.
7
Let g = 68 + -63. What is the highest common divisor of 445 and g?
5
Suppose -2*p - 10 = 0, 4*p + 164 = 3*f + f. Let n(r) = r**3 - 9*r**2 + 8*r + 4. Let i be n(8). Calculate the greatest common factor of i and f.
4
Let a be (-421)/(-2) - (-13)/(-26). Calculate the highest common divisor of a and 30.
30
Let k = 142 + -122. Suppose 2*t + 3*t - 55 = 0. Let m = -1 + t. Calculate the highest common divisor of m and k.
10
Suppose 0 = -35*d + 7978 + 1647. What is the highest common factor of 11 and d?
11
Suppose -3*m = -5*y - 16, 3*y + 0 + 14 = 4*m. Calculate the highest common factor of m and 53.
1
Let b be 3/3 - -5 - 2. Let k(z) be the first derivative of z**4/4 - 2*z**3 + z**2 - 8*z + 5. Let r be k(6). Calculate the greatest common factor of b and r.
4
Let q be -6*(3 + (-26)/4). Suppose 9*s - 246 = 6*s + 2*g, 5*g = -s + 99. What is the highest common factor of q and s?
21
Let g = 21 - 21. Suppose -4*s - 2*i = -g*s - 128, 0 = s - 3*i - 18. Let h = s - 24. What is the highest common factor of h and 4?
2
Suppose -3*f + 14 = 5. Suppose -4*i + f*v + 45 = 0, 2*i - 25 = -0*v + v. What is the greatest common factor of i and 6?
3
Let x(d) = 4*d - 24. Let q be x(7). What is the highest common divisor of q and 100?
4
Let f(a) = -14*a - 40. Let b(g) = 5*g + 13. Let s(v) = -11*b(v) - 4*f(v). Let j be s(6). Calculate the greatest common factor of 23 and j.
23
Let m(b) = b**2 - 9*b + 1. Let x be m(13). What is the highest common factor of x and 477?
53
Let s(j) be the second derivative of -j**3/6 - 9*j**2/2 + 15*j. Let g be s(-17). Calculate the greatest common factor of g and 104.
8
Let m be 702/8 + 23/92. Suppose 0 = -4*o + 3*o + 2. Let t be 1 - (2 + -10 - o). What is the greatest common factor of m and t?
11
Suppose 0 = -l - 77 + 95. Calculate the greatest common factor of l and 12.
6
Let h be (-2)/((-1 - -2)/(-42)). Let n be -3*((-112)/(-12))/(-1). What is the highest common factor of n and h?
28
Let i be 1694*((-42)/(-4) + -10). What is the highest common divisor of i and 231?
77
Suppose -172 = -5*u + 2*v + 151, -2*u - 2*v + 118 = 0. Suppose 770 = 53*x + 2*x. What is the greatest common factor of x and u?
7
Let n(p) = p**3 + 6*p**2 + 3*p - 9. Let d be n(-5). Let m = d + -1. Suppose m = 5*w - 20, -3 = y - w - 14. What is the greatest common factor of y and 5?
5
Suppose 23*a + 4*p = 18*a + 195, -4*a = -5*p - 115. Calculate the highest common divisor of 14 and a.
7
Let p(j) = -8*j - 6. Let y be p(9). Let o = 82 + y. What is the greatest common factor of 2 and o?
2
Suppose -11*x + 338 = -784. What is the greatest common factor of 96 and x?
6
Let d be 1322/8 - 15/60. Suppose 6*y = y + d. What is the highest common factor of 66 and y?
33
Let i be (-3)/9 + 19/3. Let z = -5 + 17. Calculate the highest common divisor of z and i.
6
Let c(h) = 2*h**2 + 16*h + 65. Let y be c(-13). What is the highest common divisor of y and 325?
65
Let w(g) = -84*g + 720. Let u be w(-9). Calculate the greatest common factor of u and 72.
36
Let s(f) = 103*f - 273. Let q be s(3). Calculate the highest common factor of 132 and q.
12
Let v be ((-8)/(-6) + -4)/((-4)/12). Suppose 217 + 71 = v*g. What is the highest common factor of g and 9?
9
Suppose -5*b = 209 - 1259. Suppose 0 = 16*i + 181 - 661. Calculate the greatest common divisor of b and i.
30
Suppose 21*y - 1082 = -2*v + 19*y, 5*v - y = 2693. What is the highest common factor of 196 and v?
49
Let f = 168 + -120. What is the highest common divisor of f and 576?
48
Suppose -5*q + 199 = -241. Let a = 58 - 16. Suppose -3*r - 5*w + a = -r, -2*r + 10 = -3*w. What is the greatest common divisor of q and r?
11
Suppose 30*g + 22 = 31*g. What is the highest common factor of g and 2?
2
Let v(r) = 5*r**2 + 4. Let k be v(2). Let m = k - 9. Calculate the highest common divisor of m and 10.
5
Suppose -358 = -5*u + 4*c + 389, -582 = -4*u - 2*c. Calculate the highest common divisor of u and 105.
21
Let s = -818 - -953. What is the greatest common divisor of 30 and s?
15
Let a be (18/(-5))/((-42)/140). Calculate the highest common factor of 4 and a.
4
Let p be 110*(-8)/16*(-6)/5. Calculate the highest common divisor of p and 44.
22
Suppose 3*h - 5 = 8*h. Let d be -93*(-4)/12 - h. Calculate the greatest common factor of 24 and d.
8
Let q be -1 + (-6)/(4 + -1). Let g be (-3)/q - 38/2. Let d = g + 35. Calculate the highest common factor of 136 and d.
17
Let n = 112 + -78. What is the highest common factor of n and 68?
34
Let k(x) = 3*x + 9. Let g be k(5). What is the highest common divisor of 384 and g?
24
Let k be (-402)/33 - (-2)/11. Let g be -1*3